{"id":1501,"date":"2025-03-17T21:25:45","date_gmt":"2025-03-17T20:25:45","guid":{"rendered":"https:\/\/smsnetwork.es\/?page_id=1501"},"modified":"2025-03-18T01:35:41","modified_gmt":"2025-03-18T00:35:41","slug":"consultoria-y-asesoria-en-vinculacion-con-el-medio-y-rsu","status":"publish","type":"page","link":"https:\/\/smsnetwork.es\/index.php\/consultoria-y-asesoria-en-vinculacion-con-el-medio-y-rsu\/","title":{"rendered":"Consultor\u00eda y Asesor\u00eda en Vinculaci\u00f3n con el Medio y RSU"},"content":{"rendered":"\n<div class=\"wp-block-cover alignfull ticss-75798a90\" style=\"min-height:713px;aspect-ratio:unset;\"><span aria-hidden=\"true\" class=\"wp-block-cover__background has-nv-site-bg-background-color has-background-dim-100 has-background-dim\"><\/span><div class=\"wp-block-cover__inner-container is-layout-flow wp-block-cover-is-layout-flow\">\n<div class=\"wp-block-group\"><div class=\"wp-block-group__inner-container is-layout-flow wp-block-group-is-layout-flow\">\n<div class=\"wp-block-columns content_img-v is-layout-flex wp-container-core-columns-is-layout-9d6595d7 wp-block-columns-is-layout-flex\">\n<div class=\"wp-block-column is-vertically-aligned-center is-layout-flow wp-block-column-is-layout-flow\" style=\"flex-basis:70%\">\n<p class=\"has-nv-dark-bg-color has-text-color has-link-color\"><strong>Consultor\u00eda y Asesor\u00eda en Vinculaci\u00f3n con el Medio y RSU<\/strong><\/p>\n\n\n\n<p class=\"has-nv-dark-bg-color has-text-color has-link-color\">Nuestra consultora ofrece un servicio especializado en <strong>Vinculaci\u00f3n con el Medio (VcM)<\/strong> para instituciones de educaci\u00f3n superior, alineado con los criterios de acreditaci\u00f3n en cada contexto en donde se desenvuelven con sus funciones sustantivas y las mejores pr\u00e1cticas de responsabilidad social universitaria (RSU). Dise\u00f1amos estrategias integrales para fortalecer el impacto social, acad\u00e9mico y productivo de las universidades, institutos profesionales y centros de formaci\u00f3n t\u00e9cnica, tambi\u00e9n para\u00a0 instituciones educativas castrenses, asegurando su contribuci\u00f3n efectiva al desarrollo territorial, normativo y a los Objetivos de Desarrollo Sostenible (ODS). A trav\u00e9s de un enfoque basado en evidencia, facilitamos la creaci\u00f3n, implementaci\u00f3n y evaluaci\u00f3n de iniciativas de VcM con impacto medible, fortaleciendo la relaci\u00f3n con los grupos de inter\u00e9s y asegurando su sostenibilidad en el tiempo.<\/p>\n\n\n\n<p class=\"has-nv-dark-bg-color has-text-color has-link-color margin_none\"><strong>Servicios clave para Instituciones de Educaci\u00f3n Superior<\/strong><\/p>\n<ol class=\"has-nv-dark-bg-color has-text-color has-link-color margin_ol\">\n<li><strong>Dise\u00f1o e implementaci\u00f3n de estrategias de Vinculaci\u00f3n con el Medio<\/strong>\n<ul>\n<li>Desarrollo de modelos de gesti\u00f3n de VcM alineados con la misi\u00f3n institucional y los criterios de acreditaci\u00f3n.<\/li>\n<\/ul>\n<\/li>\n<li><strong>Evaluaci\u00f3n de impacto y mejora continua de proyectos de VcM<\/strong>\n<ul>\n<li>Aplicaci\u00f3n de metodolog\u00edas de medici\u00f3n del impacto social y acad\u00e9mico, con indicadores clave de desempe\u00f1o (KPI).<\/li>\n<\/ul>\n<\/li>\n<li><strong>Acompa\u00f1amiento en procesos de acreditaci\u00f3n en Vinculaci\u00f3n con el Medio<\/strong>\n<ul>\n<li>Asesor\u00eda en la recolecci\u00f3n y sistematizaci\u00f3n de evidencia para agencias acreditadoras nacionales e internacionales.<\/li>\n<\/ul>\n<\/li>\n<li><strong>Desarrollo de alianzas estrat\u00e9gicas y gesti\u00f3n de stakeholders<\/strong>\n<ul>\n<li>Dise\u00f1o de estrategias de relacionamiento con el sector p\u00fablico, privado y sociedad civil para fortalecer la VcM.<\/li>\n<\/ul>\n<\/li>\n<li><strong>Formaci\u00f3n y capacitaci\u00f3n en Vinculaci\u00f3n con el Medio y RSU<\/strong>\n<ul>\n<li>Programas de formaci\u00f3n para directivos, docentes y administrativos en modelos de VcM innovadores y sostenibles.<\/li>\n<\/ul>\n<\/li>\n<\/ol>\n<\/div>\n\n\n\n<div class=\"wp-block-column is-layout-flow wp-block-column-is-layout-flow\">\n<figure class=\"wp-block-image size-large\"><img fetchpriority=\"high\" decoding=\"async\" width=\"683\" height=\"1024\" src=\"https:\/\/smsnetwork.es\/wp-content\/uploads\/2024\/02\/vista-inferior-mujeres-protestando-al-aire-libre-scaled-683x1024.jpg\" alt=\"\" class=\"wp-image-749\" srcset=\"https:\/\/smsnetwork.es\/wp-content\/uploads\/2024\/02\/vista-inferior-mujeres-protestando-al-aire-libre-scaled-683x1024.jpg 683w, https:\/\/smsnetwork.es\/wp-content\/uploads\/2024\/02\/vista-inferior-mujeres-protestando-al-aire-libre-scaled-200x300.jpg 200w, https:\/\/smsnetwork.es\/wp-content\/uploads\/2024\/02\/vista-inferior-mujeres-protestando-al-aire-libre-scaled-768x1152.jpg 768w, https:\/\/smsnetwork.es\/wp-content\/uploads\/2024\/02\/vista-inferior-mujeres-protestando-al-aire-libre-scaled-1024x1536.jpg 1024w, https:\/\/smsnetwork.es\/wp-content\/uploads\/2024\/02\/vista-inferior-mujeres-protestando-al-aire-libre-scaled-1366x2048.jpg 1366w, https:\/\/smsnetwork.es\/wp-content\/uploads\/2024\/02\/vista-inferior-mujeres-protestando-al-aire-libre-scaled-13x20.jpg 13w, https:\/\/smsnetwork.es\/wp-content\/uploads\/2024\/02\/vista-inferior-mujeres-protestando-al-aire-libre-scaled.jpg 1707w\" sizes=\"(max-width: 683px) 100vw, 683px\" \/><\/figure>\n<\/div>\n<\/div>\n<\/div><\/div>\n<\/div><\/div>\n","protected":false},"excerpt":{"rendered":"","protected":false},"author":1,"featured_media":0,"parent":0,"menu_order":0,"comment_status":"closed","ping_status":"closed","template":"","meta":{"neve_meta_sidebar":"default","neve_meta_container":"","neve_meta_enable_content_width":"on","neve_meta_content_width":100,"neve_meta_title_alignment":"","neve_meta_author_avatar":"","neve_post_elements_order":"","neve_meta_disable_header":"","neve_meta_disable_footer":"","neve_meta_disable_title":"on","_themeisle_gutenberg_block_has_review":false,"footnotes":""},"class_list":["post-1501","page","type-page","status-publish","hentry"],"_links":{"self":[{"href":"https:\/\/smsnetwork.es\/index.php\/wp-json\/wp\/v2\/pages\/1501","targetHints":{"allow":["GET"]}}],"collection":[{"href":"https:\/\/smsnetwork.es\/index.php\/wp-json\/wp\/v2\/pages"}],"about":[{"href":"https:\/\/smsnetwork.es\/index.php\/wp-json\/wp\/v2\/types\/page"}],"author":[{"embeddable":true,"href":"https:\/\/smsnetwork.es\/index.php\/wp-json\/wp\/v2\/users\/1"}],"replies":[{"embeddable":true,"href":"https:\/\/smsnetwork.es\/index.php\/wp-json\/wp\/v2\/comments?post=1501"}],"version-history":[{"count":16,"href":"https:\/\/smsnetwork.es\/index.php\/wp-json\/wp\/v2\/pages\/1501\/revisions"}],"predecessor-version":[{"id":1527,"href":"https:\/\/smsnetwork.es\/index.php\/wp-json\/wp\/v2\/pages\/1501\/revisions\/1527"}],"wp:attachment":[{"href":"https:\/\/smsnetwork.es\/index.php\/wp-json\/wp\/v2\/media?parent=1501"}],"curies":[{"name":"wp","href":"https:\/\/api.w.org\/{rel}","templated":true}]}}