{"id":1146,"date":"2024-02-23T16:55:49","date_gmt":"2024-02-23T15:55:49","guid":{"rendered":"https:\/\/smsnetwork.es\/?page_id=1146"},"modified":"2024-02-26T03:28:33","modified_gmt":"2024-02-26T02:28:33","slug":"vidas-increibles","status":"publish","type":"page","link":"https:\/\/smsnetwork.es\/index.php\/vidas-increibles\/","title":{"rendered":"Vidas Incre\u00edbles"},"content":{"rendered":"\n<div class=\"wp-block-columns is-layout-flex wp-container-core-columns-is-layout-9d6595d7 wp-block-columns-is-layout-flex\">\n<div class=\"wp-block-column is-layout-flow wp-block-column-is-layout-flow\">\n<div class=\"wp-block-columns is-layout-flex wp-container-core-columns-is-layout-9d6595d7 wp-block-columns-is-layout-flex\">\n<div class=\"wp-block-column is-layout-flow wp-block-column-is-layout-flow\">\n\n\n<section id=\"wp-block-themeisle-blocks-advanced-columns-335a2f03\" class=\"wp-block-themeisle-blocks-advanced-columns alignfull has-1-columns has-desktop-equal-layout has-tablet-equal-layout has-mobile-equal-layout has-vertical-flex-start\"><div class=\"wp-block-themeisle-blocks-advanced-columns-overlay\"><\/div><div class=\"innerblocks-wrap\">\n<div id=\"wp-block-themeisle-blocks-advanced-column-5d90343f\" class=\"wp-block-themeisle-blocks-advanced-column\">\n<section id=\"wp-block-themeisle-blocks-advanced-columns-b2ead1d6\" class=\"wp-block-themeisle-blocks-advanced-columns has-2-columns has-desktop-equal-layout has-tablet-equal-layout has-mobile-collapsedRows-layout has-vertical-center\"><div class=\"wp-block-themeisle-blocks-advanced-columns-overlay\"><\/div><div class=\"innerblocks-wrap\">\n<div id=\"wp-block-themeisle-blocks-advanced-column-7c705a1c\" class=\"wp-block-themeisle-blocks-advanced-column\">\n<h3 class=\"wp-block-heading\">Vidas Incre\u00edbles<strong>\u00ae<\/strong><\/h3>\n\n\n\n<p>Turismo experiencial de alto nivel. Con Vidas Incre\u00edbles, desarrollamos experiencias inolvidables, tanto para los territorios, como para sus habitantes y los visitantes que hacen parte de la experiencia de vivir una oportunidad de vida incre\u00edble. Nos conectamos con territorios tur\u00edsticos, zonas rurales y dise\u00f1amos experiencias que creen y pongan en valor los atractivos locales, desarrollamos planes tur\u00edsticos, creamos productos para dinamizar y revitalizar la actividad econ\u00f3mica del turismo; as\u00ed como creamos experiencias de vida \u00fanicas e irrepetibles para quienes visiten de manera particular o empresarial un destino.<\/p>\n\n\n\n<p>Nuestros diversos recursos naturales, culturales, vocaciones econ\u00f3micas y propios de la idiosincrasia de cada territorio, los transformamos en recursos para lograr experiencias de vidas incre\u00edbles.<\/p>\n\n\n\n<p><\/p>\n<\/div>\n\n\n\n<div id=\"wp-block-themeisle-blocks-advanced-column-5f9a9ec0\" class=\"wp-block-themeisle-blocks-advanced-column\"><div class=\"wp-block-image\">\n<figure class=\"aligncenter size-full is-resized\"><img fetchpriority=\"high\" decoding=\"async\" width=\"2560\" height=\"1627\" src=\"https:\/\/smsnetwork.es\/wp-content\/uploads\/2024\/02\/camara-vintage-mapa-mesa-madera-scaled.jpg\" alt=\"\" class=\"wp-image-757\" style=\"width:522px;height:auto\" srcset=\"https:\/\/smsnetwork.es\/wp-content\/uploads\/2024\/02\/camara-vintage-mapa-mesa-madera-scaled.jpg 2560w, https:\/\/smsnetwork.es\/wp-content\/uploads\/2024\/02\/camara-vintage-mapa-mesa-madera-scaled-300x191.jpg 300w, https:\/\/smsnetwork.es\/wp-content\/uploads\/2024\/02\/camara-vintage-mapa-mesa-madera-scaled-1024x651.jpg 1024w, https:\/\/smsnetwork.es\/wp-content\/uploads\/2024\/02\/camara-vintage-mapa-mesa-madera-scaled-768x488.jpg 768w, https:\/\/smsnetwork.es\/wp-content\/uploads\/2024\/02\/camara-vintage-mapa-mesa-madera-scaled-1536x976.jpg 1536w, https:\/\/smsnetwork.es\/wp-content\/uploads\/2024\/02\/camara-vintage-mapa-mesa-madera-scaled-2048x1302.jpg 2048w, https:\/\/smsnetwork.es\/wp-content\/uploads\/2024\/02\/camara-vintage-mapa-mesa-madera-scaled-20x13.jpg 20w\" sizes=\"(max-width: 2560px) 100vw, 2560px\" \/><\/figure>\n<\/div><\/div>\n<\/div><\/section>\n<\/div>\n<\/div><\/section>\n<\/div>\n<\/div>\n<\/div>\n<\/div>\n","protected":false},"excerpt":{"rendered":"","protected":false},"author":1,"featured_media":0,"parent":0,"menu_order":0,"comment_status":"closed","ping_status":"closed","template":"","meta":{"neve_meta_sidebar":"default","neve_meta_container":"default","neve_meta_enable_content_width":"on","neve_meta_content_width":100,"neve_meta_title_alignment":"","neve_meta_author_avatar":"","neve_post_elements_order":"","neve_meta_disable_header":"","neve_meta_disable_footer":"","neve_meta_disable_title":"on","_themeisle_gutenberg_block_has_review":false,"footnotes":""},"class_list":["post-1146","page","type-page","status-publish","hentry"],"_links":{"self":[{"href":"https:\/\/smsnetwork.es\/index.php\/wp-json\/wp\/v2\/pages\/1146","targetHints":{"allow":["GET"]}}],"collection":[{"href":"https:\/\/smsnetwork.es\/index.php\/wp-json\/wp\/v2\/pages"}],"about":[{"href":"https:\/\/smsnetwork.es\/index.php\/wp-json\/wp\/v2\/types\/page"}],"author":[{"embeddable":true,"href":"https:\/\/smsnetwork.es\/index.php\/wp-json\/wp\/v2\/users\/1"}],"replies":[{"embeddable":true,"href":"https:\/\/smsnetwork.es\/index.php\/wp-json\/wp\/v2\/comments?post=1146"}],"version-history":[{"count":7,"href":"https:\/\/smsnetwork.es\/index.php\/wp-json\/wp\/v2\/pages\/1146\/revisions"}],"predecessor-version":[{"id":1210,"href":"https:\/\/smsnetwork.es\/index.php\/wp-json\/wp\/v2\/pages\/1146\/revisions\/1210"}],"wp:attachment":[{"href":"https:\/\/smsnetwork.es\/index.php\/wp-json\/wp\/v2\/media?parent=1146"}],"curies":[{"name":"wp","href":"https:\/\/api.w.org\/{rel}","templated":true}]}}