{"id":1104,"date":"2024-02-23T04:31:16","date_gmt":"2024-02-23T03:31:16","guid":{"rendered":"https:\/\/smsnetwork.es\/?page_id=1104"},"modified":"2025-07-17T18:53:56","modified_gmt":"2025-07-17T16:53:56","slug":"analisis-de-materialidad","status":"publish","type":"page","link":"https:\/\/smsnetwork.es\/index.php\/analisis-de-materialidad\/","title":{"rendered":"An\u00e1lisis de Materialidad y Doble Materialidad"},"content":{"rendered":"\n<div class=\"wp-block-cover alignfull\" style=\"min-height:468px;aspect-ratio:unset;\"><span aria-hidden=\"true\" class=\"wp-block-cover__background has-nv-site-bg-background-color has-background-dim-100 has-background-dim\"><\/span><div class=\"wp-block-cover__inner-container is-layout-flow wp-block-cover-is-layout-flow\">\n<div class=\"wp-block-group\"><div class=\"wp-block-group__inner-container is-layout-flow wp-block-group-is-layout-flow\">\n<div class=\"wp-block-columns are-vertically-aligned-center is-layout-flex wp-container-core-columns-is-layout-9d6595d7 wp-block-columns-is-layout-flex\">\n<div class=\"wp-block-column is-vertically-aligned-center is-layout-flow wp-block-column-is-layout-flow\" style=\"flex-basis:70%\">\n<h3 class=\"wp-block-heading has-text-align-left has-neve-text-color-color has-text-color\">An\u00e1lisis de Materialidad y Doble Materialidad<\/h3>\n\n\n\n<p class=\"has-nv-dark-bg-color has-text-color has-link-color\">La materialidad de tu empresa, son aquellos temas importantes y prioritarios relacionados con el negocio, desde un punto de vista corporativo debe encontrarse alineado a los asuntos importantes de tus diversos grupos de inter\u00e9s, por ello a trav\u00e9s de din\u00e1micas participativas, identificamos la materialidad y doble materialidad de tu organizaci\u00f3n y nos encargamos de su alineaci\u00f3n para lograr la mayor eficacia en la implementaci\u00f3n. En cuanto, a la doble materialidad,<span data-huuid=\"915330083027401460\">\u00a0<\/span><span data-huuid=\"915330083027400355\">analizamos el impacto de tu organizaci\u00f3n sobre el medio ambiente y la sociedad (materialidad de impacto) y como el impacto que los factores ambientales y sociales pueden tener sobre la propia organizaci\u00f3n (materialidad financiera) y aportar a la<\/span><span data-huuid=\"915330083027399250\">\u00a0sostenibilidad.<span class=\"pjBG2e\" data-cid=\"da21d8f2-08c2-4024-bfd0-182e8ef6899e\"><span class=\"UV3uM\">\u00a0<\/span><\/span><\/span><\/p>\n\n\n\n<p class=\"has-nv-dark-bg-color has-text-color has-link-color\">Identificar adecuadamente la materialidad y doble materialidad corporativa, se\u00f1alar\u00e1 el \u00e9xito de la gesti\u00f3n pertinente a la realidad de la organizaci\u00f3n y su entorno.<\/p>\n<\/div>\n\n\n\n<div class=\"wp-block-column is-vertically-aligned-center is-layout-flow wp-block-column-is-layout-flow\" style=\"flex-basis:30%\">\n<figure class=\"wp-block-image size-large\"><img fetchpriority=\"high\" decoding=\"async\" width=\"1024\" height=\"683\" src=\"https:\/\/smsnetwork.es\/wp-content\/uploads\/2024\/02\/lupa-sobre-tablas-graficos-papel-hoja-calculo-1024x683.jpg\" alt=\"\" class=\"wp-image-704\" srcset=\"https:\/\/smsnetwork.es\/wp-content\/uploads\/2024\/02\/lupa-sobre-tablas-graficos-papel-hoja-calculo-1024x683.jpg 1024w, https:\/\/smsnetwork.es\/wp-content\/uploads\/2024\/02\/lupa-sobre-tablas-graficos-papel-hoja-calculo-300x200.jpg 300w, https:\/\/smsnetwork.es\/wp-content\/uploads\/2024\/02\/lupa-sobre-tablas-graficos-papel-hoja-calculo-768x512.jpg 768w, https:\/\/smsnetwork.es\/wp-content\/uploads\/2024\/02\/lupa-sobre-tablas-graficos-papel-hoja-calculo-1536x1024.jpg 1536w, https:\/\/smsnetwork.es\/wp-content\/uploads\/2024\/02\/lupa-sobre-tablas-graficos-papel-hoja-calculo-2048x1365.jpg 2048w, https:\/\/smsnetwork.es\/wp-content\/uploads\/2024\/02\/lupa-sobre-tablas-graficos-papel-hoja-calculo-930x620.jpg 930w\" sizes=\"(max-width: 1024px) 100vw, 1024px\" \/><\/figure>\n<\/div>\n<\/div>\n<\/div><\/div>\n<\/div><\/div>\n","protected":false},"excerpt":{"rendered":"","protected":false},"author":1,"featured_media":0,"parent":0,"menu_order":0,"comment_status":"closed","ping_status":"closed","template":"","meta":{"neve_meta_sidebar":"default","neve_meta_container":"","neve_meta_enable_content_width":"on","neve_meta_content_width":100,"neve_meta_title_alignment":"","neve_meta_author_avatar":"","neve_post_elements_order":"","neve_meta_disable_header":"","neve_meta_disable_footer":"","neve_meta_disable_title":"on","_themeisle_gutenberg_block_has_review":false,"footnotes":""},"class_list":["post-1104","page","type-page","status-publish","hentry"],"_links":{"self":[{"href":"https:\/\/smsnetwork.es\/index.php\/wp-json\/wp\/v2\/pages\/1104","targetHints":{"allow":["GET"]}}],"collection":[{"href":"https:\/\/smsnetwork.es\/index.php\/wp-json\/wp\/v2\/pages"}],"about":[{"href":"https:\/\/smsnetwork.es\/index.php\/wp-json\/wp\/v2\/types\/page"}],"author":[{"embeddable":true,"href":"https:\/\/smsnetwork.es\/index.php\/wp-json\/wp\/v2\/users\/1"}],"replies":[{"embeddable":true,"href":"https:\/\/smsnetwork.es\/index.php\/wp-json\/wp\/v2\/comments?post=1104"}],"version-history":[{"count":5,"href":"https:\/\/smsnetwork.es\/index.php\/wp-json\/wp\/v2\/pages\/1104\/revisions"}],"predecessor-version":[{"id":1539,"href":"https:\/\/smsnetwork.es\/index.php\/wp-json\/wp\/v2\/pages\/1104\/revisions\/1539"}],"wp:attachment":[{"href":"https:\/\/smsnetwork.es\/index.php\/wp-json\/wp\/v2\/media?parent=1104"}],"curies":[{"name":"wp","href":"https:\/\/api.w.org\/{rel}","templated":true}]}}