{"id":1100,"date":"2024-02-23T04:25:02","date_gmt":"2024-02-23T03:25:02","guid":{"rendered":"https:\/\/smsnetwork.es\/?page_id=1100"},"modified":"2024-02-23T18:22:01","modified_gmt":"2024-02-23T17:22:01","slug":"gestion-de-los-asuntos-corporativos-y-publicos","status":"publish","type":"page","link":"https:\/\/smsnetwork.es\/index.php\/gestion-de-los-asuntos-corporativos-y-publicos\/","title":{"rendered":"Gesti\u00f3n de los Asuntos Corporativos y P\u00fablicos"},"content":{"rendered":"\n<div class=\"wp-block-cover alignfull\" style=\"min-height:343px;aspect-ratio:unset;\"><span aria-hidden=\"true\" class=\"wp-block-cover__background has-nv-site-bg-background-color has-background-dim-100 has-background-dim\"><\/span><div class=\"wp-block-cover__inner-container is-layout-flow wp-block-cover-is-layout-flow\">\n<div class=\"wp-block-group\"><div class=\"wp-block-group__inner-container is-layout-flow wp-block-group-is-layout-flow\">\n<div class=\"wp-block-columns are-vertically-aligned-center is-layout-flex wp-container-core-columns-is-layout-9d6595d7 wp-block-columns-is-layout-flex\">\n<div class=\"wp-block-column is-vertically-aligned-center is-layout-flow wp-block-column-is-layout-flow\" style=\"flex-basis:70%\">\n<h3 class=\"wp-block-heading has-text-align-left has-neve-text-color-color has-text-color\">Gesti\u00f3n de los Asuntos Corporativos y P\u00fablicos<\/h3>\n\n\n\n<p class=\"has-nv-dark-bg-color has-text-color has-link-color\">Creamos capacidades e implementamos estrategias de asuntos corporativos que te ayuden a:<br>\nPlanificar, Institucionalizar el \u00c1rea, Gestionar la comunicaci\u00f3n con los grupos de inter\u00e9s internos y externos. Gestionar las demandas de los grupos de inter\u00e9s y principalmente de las comunidades.\nGesti\u00f3n e implementaci\u00f3n de programas de responsabilidad social empresarial y sostenibilidad.\nTambi\u00e9n por medio de nuestras alianzas, podremos trabajar en conjunto y recomendar a nuestros mejores aliados en materia legal para todos tus tramites jur\u00eddico y aspectos legales en asuntos ambientales.\n<\/p>\n<\/div>\n\n\n\n<div class=\"wp-block-column is-vertically-aligned-center is-layout-flow wp-block-column-is-layout-flow\" style=\"flex-basis:30%\">\n<figure class=\"wp-block-image size-large\"><img fetchpriority=\"high\" decoding=\"async\" width=\"1024\" height=\"682\" src=\"https:\/\/smsnetwork.es\/wp-content\/uploads\/2024\/02\/documentos-comerciales-mesa-oficina-computadora-portatil-1024x682.jpg\" alt=\"\" class=\"wp-image-697\" srcset=\"https:\/\/smsnetwork.es\/wp-content\/uploads\/2024\/02\/documentos-comerciales-mesa-oficina-computadora-portatil-1024x682.jpg 1024w, https:\/\/smsnetwork.es\/wp-content\/uploads\/2024\/02\/documentos-comerciales-mesa-oficina-computadora-portatil-300x200.jpg 300w, https:\/\/smsnetwork.es\/wp-content\/uploads\/2024\/02\/documentos-comerciales-mesa-oficina-computadora-portatil-768x511.jpg 768w, https:\/\/smsnetwork.es\/wp-content\/uploads\/2024\/02\/documentos-comerciales-mesa-oficina-computadora-portatil-1536x1022.jpg 1536w, https:\/\/smsnetwork.es\/wp-content\/uploads\/2024\/02\/documentos-comerciales-mesa-oficina-computadora-portatil-2048x1363.jpg 2048w, https:\/\/smsnetwork.es\/wp-content\/uploads\/2024\/02\/documentos-comerciales-mesa-oficina-computadora-portatil-930x620.jpg 930w\" sizes=\"(max-width: 1024px) 100vw, 1024px\" \/><\/figure>\n<\/div>\n<\/div>\n<\/div><\/div>\n<\/div><\/div>\n","protected":false},"excerpt":{"rendered":"","protected":false},"author":1,"featured_media":0,"parent":0,"menu_order":0,"comment_status":"closed","ping_status":"closed","template":"","meta":{"neve_meta_sidebar":"default","neve_meta_container":"","neve_meta_enable_content_width":"on","neve_meta_content_width":100,"neve_meta_title_alignment":"","neve_meta_author_avatar":"","neve_post_elements_order":"","neve_meta_disable_header":"","neve_meta_disable_footer":"","neve_meta_disable_title":"on","_themeisle_gutenberg_block_has_review":false,"footnotes":""},"class_list":["post-1100","page","type-page","status-publish","hentry"],"_links":{"self":[{"href":"https:\/\/smsnetwork.es\/index.php\/wp-json\/wp\/v2\/pages\/1100","targetHints":{"allow":["GET"]}}],"collection":[{"href":"https:\/\/smsnetwork.es\/index.php\/wp-json\/wp\/v2\/pages"}],"about":[{"href":"https:\/\/smsnetwork.es\/index.php\/wp-json\/wp\/v2\/types\/page"}],"author":[{"embeddable":true,"href":"https:\/\/smsnetwork.es\/index.php\/wp-json\/wp\/v2\/users\/1"}],"replies":[{"embeddable":true,"href":"https:\/\/smsnetwork.es\/index.php\/wp-json\/wp\/v2\/comments?post=1100"}],"version-history":[{"count":2,"href":"https:\/\/smsnetwork.es\/index.php\/wp-json\/wp\/v2\/pages\/1100\/revisions"}],"predecessor-version":[{"id":1171,"href":"https:\/\/smsnetwork.es\/index.php\/wp-json\/wp\/v2\/pages\/1100\/revisions\/1171"}],"wp:attachment":[{"href":"https:\/\/smsnetwork.es\/index.php\/wp-json\/wp\/v2\/media?parent=1100"}],"curies":[{"name":"wp","href":"https:\/\/api.w.org\/{rel}","templated":true}]}}